*m**2 - 7*m + 9. Let r = -429 - -450. Suppose -2*z + 5*v + 39 = 0, -r*z = -26*z - 5*v + 10. Determine s(z).
9
Suppose -102 = 11*m - 8*m. Let o = -24 - m. Suppose -o*k = -7*k + 6. Let b(a) = 4*a**2 + 2*a + 3. Calculate b(k).
15
Let r be 4*(2 + 0 + 0). Let p = -328 - -330. Let b(x) = 21*x**2 - 3*x - x**3 + 3*x**2 - 17*x**p - 1 + 11*x. Determine b(r).
-1
Let r be (1/2 + (-578)/204)/((-6)/(-18)). Let q(m) = -m**2 + 53. Give q(r).
4
Let d(x) = -12*x**2 + 1. Suppose 3*q + 75 - 224 = 2*g, g + q + 72 = 0. Let r = g + 78. Suppose -3*f + r*y + 2 = 30, -2*f - 3*y + 13 = 0. Calculate d(f).
-11
Let k(i) = i - 6. Suppose -461*x + 42 = -440*x. Give k(x).
-4
Let p(c) be the third derivative of c**9/60480 - c**7/1680 - c**6/360 + 31*c**5/20 - c**2 + 9. Let o(z) be the third derivative of p(z). Calculate o(3).
16
Let a(v) be the third derivative of v**6/120 - v**5/60 + v**4/24 + 14*v**3/3 + 1395*v**2. Give a(0).
28
Let f(p) = -33 + 4*p**2 + 5*p**2 - 3 + 13*p**2 - 21*p**2. Give f(-6).
0
Let v(r) = -r**3 - 5*r**2 + 8*r + 12. Let x = -213 - -191. Let p be (-320)/55 - (-4)/x. Give v(p).
0
Let f be ((-4 - -10) + -13)*-1. Let b(l) = 0*l**2 + 0 + 4 + l**2 - f*l. Calculate b(5).
-6
Let o(f) = -4*f + 102. Let p be o(25). Suppose 3*n = p*t + 1, 0 = -0*n - 3*n - 9. Let v(x) = x**2 + 4*x + 6. Give v(t).
11
Let p(k) = k**2 - 6*k - 10. Suppose 5*t - 9 = -4*j, 214*t = 218*t + 12. Calculate p(j).
-10
Let j(t) = -t**3 + 2*t**2 - 10*t + 13. Let x be j(4). Let g = 60 + x. Let i(y) = 12*y**2 - 1. Give i(g).
11
Let x(t) be the first derivative of -t**4/4 + t**3/3 - 3*t**2/2 + 11*t + 1442. Give x(0).
11
Let i(z) = -z**2 + 2*z. Suppose -16*h - 4 + 68 = 0. Suppose -h*x = -22*x + 108. Give i(x).
-24
Let h(n) = 1510*n**2 + 7*n + 1509*n**2 - 3 - 3020*n**2. Determine h(5).
7
Let b = 4 + -15. Let z = 18 + b. Let u(m) = 45 + 54 + 52 - 2*m - 145. Calculate u(z).
-8
Let u(h) = -18*h + 12*h + 4*h + h**2. Let v be (-3)/2*-7*8/14. Determine u(v).
24
Let y(a) = -7*a**2 - 35*a - 3. Let c(o) = 4*o**2 + 22*o + 2. Let r(k) = 8*c(k) + 5*y(k). Calculate r(-4).
-51
Suppose -3*s = 28 - 37. Suppose s*a - a = 4. Suppose -4*c + 2 = -3*f + 1, a*f = -4*c + 26. Let j(d) = -2*d + 6. Calculate j(c).
-2
Let v(q) be the first derivative of q**5/60 - q**4/4 - 11*q**3/6 - q**2 + 19*q - 14. Let u(j) be the second derivative of v(j). Give u(7).
-4
Let b(i) = 9 + 31*i**2 - 16*i**2 + 11*i + 2 + 3. Let m(y) = 4*y - 3*y**2 + 5 + 3*y**2 + 5*y**2. Let v(d) = -4*b(d) + 11*m(d). Determine v(-1).
-6
Let d(f) = -f**2 + f - 1. Suppose -15*c + 69552 = 33*c. Suppose -8*y + c - 1409 = 0. Give d(y).
-21
Let j(p) = -9728*p**3 + 4868*p**3 + 7*p**2 + 4861*p**3 + 7*p + 2. Let o be 2*1/(-2)*6. Determine j(o).
-4
Let s(f) = -20*f**2 - 480*f + 96. Let x(n) = -4*n**2 - 92*n + 19. Let v(q) = 2*s(q) - 11*x(q). Determine v(-13).
-17
Let k(f) = -f**3 - 7*f**2 + 12*f + 8. Let n = 2326 + -2334. Calculate k(n).
-24
Let s(o) = -o**2 + 3*o - 1. Let w(l) = -l**2 - 9*l - 14. Let x be w(-7). Suppose y = -y + 4*a + 10, 2*a + 2 = x. Let p be (0 - -2)*5*y/6. What is s(p)?
-11
Let q(k) = 7*k - 33. Let a(p) = -3*p + 16. Let g(l) = 5*a(l) + 2*q(l). Let o be ((-66)/(-8) - 9)/(-3*1/32). Determine g(o).
6
Let n(j) = j + 3. Let y(f) = -f + 1. Let t be 24/(-56) + 8/(-14). Let i(h) = t*n(h) - 2*y(h). Give i(10).
5
Suppose 634 = 28*r + 3574. Let z = r + 102. Let i(y) = -7*y + 3. Give i(z).
24
Suppose -4*g + 15*g = 7*g. Suppose -5*k + 14 - 4 = g. Let u(d) be the second derivative of -d**4/12 + d**3/2 - d**2 - d - 22. Give u(k).
0
Let g(m) = m**2 - 4*m - 24. Let o(j) = 10 - 76 - 29 - 17 + 10*j. Let t be o(12). Determine g(t).
8
Let j(c) = -c**2 - 6*c - 4. Suppose 2*a + 0 = -3*q + 15, -4*q = -3*a - 3. Suppose -25 = 2*z + 3*u, 2*z + 5 = q*u - 2. Give j(z).
-20
Let x(p) = p**2 + 8*p. Suppose -4*u = -3*u - 4. Let q = 90 - 90. Suppose 3*w - u*w - 5 = q. Determine x(w).
-15
Suppose 0 = -0*p - 7*p - 14. Let d be p - (-4*(-6)/8 + -7). Let l(t) = 72 - 81 + 2*t - d*t + t. Calculate l(9).
0
Let c(w) be the first derivative of 29*w**2/2 + 11*w + 5907. Give c(-1).
-18
Suppose 125*d + 137*d + 442*d = 1408. Let j(a) = 2*a**3 + 2*a**2 + 2*a - 1. What is j(d)?
27
Let n(c) = -2*c**2 - 20*c - 45. Let p be 4250/(-221) - -12 - (-12)/52. Determine n(p).
-3
Let z(u) = u**2 - 2*u + 1. Let c(x) = 4*x**2 + x + 8. Let f(q) = -c(q) + 3*z(q). Let y(m) = -3*m - 27. Let o be y(-17). Let t = o + -28. Calculate f(t).
7
Let o(r) be the first derivative of 1/2*r**2 + 3*r + 13. Let w = 5 + -9. What is o(w)?
-1
Suppose 4*h + 8 = 4*z, -3*z + 0*z + 5*h + 6 = 0. Let w(s) = -33*s**2 + 2 - 36*s**2 + 68*s**z. Let r be -3 + 1/(-1) - -2. Calculate w(r).
-2
Let v(b) = 5*b + 40*b + 12*b - 163 - 42 - 4*b. Give v(4).
7
Let i = -322 + 325. Let o(k) = 2*k**3 - 4*k**2 - 2. Determine o(i).
16
Let i be ((-332)/249)/(8/(-18)). Let k(g) = 1 + 666*g - 332*g + i*g**2 - 335*g. Calculate k(2).
11
Suppose 21 = 3*n + 3*d, -4*n - 5 + 3 = -2*d. Let l(j) = -400*j**2 - 7 + 199*j**2 + 206*j**n + j**3. Let k be 5/(2*(-2)/4). What is l(k)?
-7
Let c(d) = -8*d**2 - d + 3. Let s(v) = v**3 - 6*v**2 + 13*v - 15. Let o(r) = -3*c(r) + s(r). What is o(-17)?
-7
Suppose 4*f + 16 = -2*w, w - 5 = 3*f + 7. Suppose 3*s - 4 = 2*c - 24, -2*s - 4*c - 8 = w. Let a(n) = -n**3 - 7*n**2 - 5*n - 9. Determine a(s).
-15
Let r(v) = 0*v - 1 + 0*v - 7*v + 2*v**2. Suppose 0 = 566*i - 199*i - 775 - 1060. Calculate r(i).
14
Let f(v) = -v**3 + 5*v**2 - 4*v + 14. Let h be (-20)/(-6) - (480/(-72) - (-2 + -4)). Calculate f(h).
14
Let n(g) = 4*g**2 + 14*g + 5. Let m(k) = -7*k**2 - 30*k - 9. Let d(p) = p - 1. Let q(i) = -3*d(i) - m(i). Let r(w) = -5*n(w) + 3*q(w). Give r(-8).
-13
Let g(j) = -2 - 2*j**3 + 6*j**2 - 14*j + j**3 + 15*j. Let i(a) = -5*a**3 + 2*a**2 + a. Let f(h) = h**2 - 5*h + 5. Let q be f(2). Let p be i(q). Calculate g(p).
4
Let c(n) = -n - 16. Suppose -2*q + 8 = -10. Suppose 2*m - r = -16, -5*r + 8 = -q*m + 8*m. What is c(m)?
-8
Suppose 2*u - 10 = -3*j, 0 = 19*j - 22*j + 6. Let h(a) = -30*a + 3. Determine h(u).
-57
Let k(q) = -377*q + 1522. Let h be k(4). Let d(g) = -3*g + 10. What is d(h)?
-32
Let w(u) be the first derivative of u**3/3 - u**2/2 - 17*u - 3. Suppose 9*c - 28*c - 81 + 5 = 0. Calculate w(c).
3
Suppose -10*p = -14*p + 172. Let b = p - 41. Let l(h) = 0*h**3 - 3*h**b + h**3 + 4*h + 0*h**3 - h. Give l(2).
2
Let l(f) = -5*f**3 + 3*f**2 - 23*f - 2. Let a(d) = -37*d**3 + 21*d**2 - 158*d - 12. Let p(b) = 3*a(b) - 22*l(b). Calculate p(-7).
-20
Let s(d) = -d**2 - 11*d + 3. Suppose -5*p + 145 = 20. Suppose -2*h - p = 3*t, -8*t + 10*t + 12 = h. What is s(t)?
31
Let s(x) be the second derivative of x**5/10 - x**4/6 - 11*x**3/6 - 4*x**2 - 32*x. Let k(i) = i**3 + 2*i**2 - i - 1. Let d(y) = 3*k(y) - s(y). Calculate d(-7).
-2
Let c be (-25)/(-4) - (-1)/(-4). Let d(i) = 202*i - 107*i - 93*i - 7. What is d(c)?
5
Let p = 305 - 307. Let c(k) be the second derivative of -6*k + 1/20*k**5 - 1/2*k**3 + 0 + 1/6*k**4 - 3/2*k**2. Determine c(p).
3
Let y(m) = m + 8. Let c be y(-6). Let k = c - 2. Let q(r) be the first derivative of -r**2/2 + 24*r + 4429. Determine q(k).
24
Let j(h) = -h**2 + 7*h + 1. Suppose -33*g + 264 = 38*g + 17*g. Calculate j(g).
13
Let d(k) = 2*k**3 - 3*k**2 + 3*k - 3. Let l(x) = -2*x + 45. Let y be l(15). Let m(b) = -2*b + 7 + 4 - 4 + y. Let n be m(10). Determine d(n).
7
Suppose -p + 6 = -2*x, 5*p - 2*x = p + 42. Let g be (-54)/p*(0 + 2/3). Let t(s) = 0*s**2 - 1 - s**3 + 3*s**2 + 2*s**3. Determine t(g).
-1
Suppose 13*i + 103*i + 8439 = -175*i. Let h(k) = -k - 48. Calculate h(i).
-19
Let w be (-10)/(-6) + 4/(-6). Let t be (w - (2 + 18/4))*2. Let a(h) = h**2 + 12*h + 6. Let z be a(t). Let r(o) = -o**3 - 4*o**2 + 7*o + 6. Give r(z).
-4
Suppose -7804 = -31*k + 27*k. Let d(u) = 4*u**2 + 970*u - k*u + 0*u**3 + 6 - u**3 + 978*u. Suppose x + 3*x = 16. Determine d(x).
-6
Let u(q) = -2*q - 11. Let w = 20033 + -20039. Determine u(w).
1
Let q(d) = -35*d + 138. Let z(k) = -k**3 - 36*k**2 + 4. Let t be z(-36). Determine q(t).
-2
Let n(h) = 14*h**2 + 187. Let m(p) = 84*p**2 - p + 1215. Let k(w) = -2*m(w) + 13*n(w). Suppose 5*d = -5 - 0. Calculate k(d).
13
Let h(s) = -s**2 + 20*s - 20. Let n be 11/3*5 - (-41 - 5445/(-135)). What is h(n)?
-1
Let a(l) = l**2 + l - 7. Let u(o) = -4*o**2 - 4*o + 22. Let s(d) = 19*d - 197. Let v be s(10). Let c(m) = v*a(m) - 2*u(